{"id":2,"date":"2022-11-06T19:50:38","date_gmt":"2022-11-06T18:50:38","guid":{"rendered":"https:\/\/neweb.oz-sapio.eu\/sapio\/?page_id=2"},"modified":"2026-01-11T19:31:08","modified_gmt":"2026-01-11T18:31:08","slug":"ukazkova-stranka","status":"publish","type":"page","link":"https:\/\/neweb.oz-sapio.eu\/sapio\/index.php\/ukazkova-stranka\/","title":{"rendered":"Na\u0161e aktivity"},"content":{"rendered":"\n<p><strong>Sankarenke<\/strong> &#8211; neform\u00e1lne sankarske preteky<\/p>\n\n\n\n<details class=\"wp-block-details is-layout-flow wp-block-details-is-layout-flow\"><summary>foto<\/summary>\n<figure class=\"wp-block-image size-large\"><img loading=\"lazy\" decoding=\"async\" width=\"1024\" height=\"768\" src=\"https:\/\/neweb.oz-sapio.eu\/sapio\/wp-content\/uploads\/2026\/01\/2026-01-11-11.50.52-1-1024x768.jpg\" alt=\"\" class=\"wp-image-192\" srcset=\"https:\/\/neweb.oz-sapio.eu\/sapio\/wp-content\/uploads\/2026\/01\/2026-01-11-11.50.52-1-1024x768.jpg 1024w, https:\/\/neweb.oz-sapio.eu\/sapio\/wp-content\/uploads\/2026\/01\/2026-01-11-11.50.52-1-300x225.jpg 300w, https:\/\/neweb.oz-sapio.eu\/sapio\/wp-content\/uploads\/2026\/01\/2026-01-11-11.50.52-1-768x576.jpg 768w, https:\/\/neweb.oz-sapio.eu\/sapio\/wp-content\/uploads\/2026\/01\/2026-01-11-11.50.52-1-1536x1152.jpg 1536w, https:\/\/neweb.oz-sapio.eu\/sapio\/wp-content\/uploads\/2026\/01\/2026-01-11-11.50.52-1-2048x1536.jpg 2048w, https:\/\/neweb.oz-sapio.eu\/sapio\/wp-content\/uploads\/2026\/01\/2026-01-11-11.50.52-1-1200x900.jpg 1200w\" sizes=\"auto, (max-width: 709px) 85vw, (max-width: 909px) 67vw, (max-width: 1362px) 62vw, 840px\" \/><\/figure>\n<\/details>\n\n\n\n<p><strong>Adventn\u00fd ve\u010der<\/strong> &#8211; vzdel\u00e1vaco spolo\u010densk\u00e9 stretnutie na t\u00e9mu advent a vianoce<\/p>\n\n\n\n<details class=\"wp-block-details is-layout-flow wp-block-details-is-layout-flow\"><summary>foto<\/summary>\n<figure class=\"wp-block-image size-large\"><img loading=\"lazy\" decoding=\"async\" width=\"1024\" height=\"576\" src=\"https:\/\/neweb.oz-sapio.eu\/sapio\/wp-content\/uploads\/2026\/01\/603898314_1271726538314648_8826351546374418449_n-1024x576.jpg\" alt=\"\" class=\"wp-image-193\" srcset=\"https:\/\/neweb.oz-sapio.eu\/sapio\/wp-content\/uploads\/2026\/01\/603898314_1271726538314648_8826351546374418449_n-1024x576.jpg 1024w, https:\/\/neweb.oz-sapio.eu\/sapio\/wp-content\/uploads\/2026\/01\/603898314_1271726538314648_8826351546374418449_n-300x169.jpg 300w, https:\/\/neweb.oz-sapio.eu\/sapio\/wp-content\/uploads\/2026\/01\/603898314_1271726538314648_8826351546374418449_n-768x432.jpg 768w, https:\/\/neweb.oz-sapio.eu\/sapio\/wp-content\/uploads\/2026\/01\/603898314_1271726538314648_8826351546374418449_n-1536x864.jpg 1536w, https:\/\/neweb.oz-sapio.eu\/sapio\/wp-content\/uploads\/2026\/01\/603898314_1271726538314648_8826351546374418449_n-1200x675.jpg 1200w, https:\/\/neweb.oz-sapio.eu\/sapio\/wp-content\/uploads\/2026\/01\/603898314_1271726538314648_8826351546374418449_n.jpg 2040w\" sizes=\"auto, (max-width: 709px) 85vw, (max-width: 909px) 67vw, (max-width: 1362px) 62vw, 840px\" \/><\/figure>\n\n\n\n<details class=\"wp-block-details is-layout-flow wp-block-details-is-layout-flow\"><summary>foto<\/summary>\n<figure class=\"wp-block-image size-large\"><img loading=\"lazy\" decoding=\"async\" width=\"576\" height=\"1024\" src=\"https:\/\/neweb.oz-sapio.eu\/sapio\/wp-content\/uploads\/2026\/01\/603902122_1271726271648008_2457482886963779420_n-576x1024.jpg\" alt=\"\" class=\"wp-image-194\" srcset=\"https:\/\/neweb.oz-sapio.eu\/sapio\/wp-content\/uploads\/2026\/01\/603902122_1271726271648008_2457482886963779420_n-576x1024.jpg 576w, https:\/\/neweb.oz-sapio.eu\/sapio\/wp-content\/uploads\/2026\/01\/603902122_1271726271648008_2457482886963779420_n-169x300.jpg 169w, https:\/\/neweb.oz-sapio.eu\/sapio\/wp-content\/uploads\/2026\/01\/603902122_1271726271648008_2457482886963779420_n-768x1365.jpg 768w, https:\/\/neweb.oz-sapio.eu\/sapio\/wp-content\/uploads\/2026\/01\/603902122_1271726271648008_2457482886963779420_n-864x1536.jpg 864w, https:\/\/neweb.oz-sapio.eu\/sapio\/wp-content\/uploads\/2026\/01\/603902122_1271726271648008_2457482886963779420_n.jpg 1148w\" sizes=\"auto, (max-width: 576px) 85vw, 576px\" \/><\/figure>\n<\/details>\n<\/details>\n\n\n\n<p><strong>Tvoriv\u00e9 dielne<\/strong> &#8211; pod veden\u00edm \u010dlenov z OZ Sapio si deti vyr\u00e1baj\u00fa vlastn\u00e9 v\u00fdrobky, ktor\u00e9 pon\u00fakaj\u00fa na Adventnom ve\u010deri. <\/p>\n\n\n\n<details class=\"wp-block-details is-layout-flow wp-block-details-is-layout-flow\"><summary>foto<\/summary>\n<figure class=\"wp-block-image size-full\"><img loading=\"lazy\" decoding=\"async\" width=\"830\" height=\"625\" src=\"https:\/\/neweb.oz-sapio.eu\/sapio\/wp-content\/uploads\/2026\/01\/600377286_1355788493013617_3912133351445483958_n.jpg\" alt=\"\" class=\"wp-image-197\" srcset=\"https:\/\/neweb.oz-sapio.eu\/sapio\/wp-content\/uploads\/2026\/01\/600377286_1355788493013617_3912133351445483958_n.jpg 830w, https:\/\/neweb.oz-sapio.eu\/sapio\/wp-content\/uploads\/2026\/01\/600377286_1355788493013617_3912133351445483958_n-300x226.jpg 300w, https:\/\/neweb.oz-sapio.eu\/sapio\/wp-content\/uploads\/2026\/01\/600377286_1355788493013617_3912133351445483958_n-768x578.jpg 768w\" sizes=\"auto, (max-width: 830px) 85vw, 830px\" \/><\/figure>\n<\/details>\n\n\n\n<p><strong>Z\u00e1\u017eitkov\u00fd t\u00e1bor<\/strong> &#8211; v lone pr\u00edrody na chate Potok, vzdel\u00e1vaco z\u00e1bavn\u00fd charakter<\/p>\n\n\n\n<details class=\"wp-block-details is-layout-flow wp-block-details-is-layout-flow\"><summary>foto<\/summary>\n<figure class=\"wp-block-image size-large\"><img loading=\"lazy\" decoding=\"async\" width=\"1024\" height=\"768\" src=\"https:\/\/neweb.oz-sapio.eu\/sapio\/wp-content\/uploads\/2026\/01\/received_1106360184155410-1024x768.jpeg\" alt=\"\" class=\"wp-image-201\" srcset=\"https:\/\/neweb.oz-sapio.eu\/sapio\/wp-content\/uploads\/2026\/01\/received_1106360184155410-1024x768.jpeg 1024w, https:\/\/neweb.oz-sapio.eu\/sapio\/wp-content\/uploads\/2026\/01\/received_1106360184155410-300x225.jpeg 300w, https:\/\/neweb.oz-sapio.eu\/sapio\/wp-content\/uploads\/2026\/01\/received_1106360184155410-768x576.jpeg 768w, https:\/\/neweb.oz-sapio.eu\/sapio\/wp-content\/uploads\/2026\/01\/received_1106360184155410-1536x1151.jpeg 1536w, https:\/\/neweb.oz-sapio.eu\/sapio\/wp-content\/uploads\/2026\/01\/received_1106360184155410-1200x899.jpeg 1200w, https:\/\/neweb.oz-sapio.eu\/sapio\/wp-content\/uploads\/2026\/01\/received_1106360184155410.jpeg 2048w\" sizes=\"auto, (max-width: 709px) 85vw, (max-width: 909px) 67vw, (max-width: 1362px) 62vw, 840px\" \/><\/figure>\n<\/details>\n\n\n\n<p><strong>Noc z\u00e1had<\/strong> &#8211; detekt\u00edvna rolov\u00e1 hra, s ve\u010derom pln\u00fdm hlavolamov a z\u00e1had<\/p>\n\n\n\n<details class=\"wp-block-details is-layout-flow wp-block-details-is-layout-flow\"><summary>foto<\/summary>\n<figure class=\"wp-block-image size-large\"><img loading=\"lazy\" decoding=\"async\" width=\"1024\" height=\"768\" src=\"https:\/\/neweb.oz-sapio.eu\/sapio\/wp-content\/uploads\/2026\/01\/IMG_20250503_172042_077-1024x768.jpg\" alt=\"\" class=\"wp-image-204\" srcset=\"https:\/\/neweb.oz-sapio.eu\/sapio\/wp-content\/uploads\/2026\/01\/IMG_20250503_172042_077-1024x768.jpg 1024w, https:\/\/neweb.oz-sapio.eu\/sapio\/wp-content\/uploads\/2026\/01\/IMG_20250503_172042_077-300x225.jpg 300w, https:\/\/neweb.oz-sapio.eu\/sapio\/wp-content\/uploads\/2026\/01\/IMG_20250503_172042_077-768x576.jpg 768w, https:\/\/neweb.oz-sapio.eu\/sapio\/wp-content\/uploads\/2026\/01\/IMG_20250503_172042_077-1536x1152.jpg 1536w, https:\/\/neweb.oz-sapio.eu\/sapio\/wp-content\/uploads\/2026\/01\/IMG_20250503_172042_077-2048x1536.jpg 2048w, https:\/\/neweb.oz-sapio.eu\/sapio\/wp-content\/uploads\/2026\/01\/IMG_20250503_172042_077-1200x900.jpg 1200w\" sizes=\"auto, (max-width: 709px) 85vw, (max-width: 909px) 67vw, (max-width: 1362px) 62vw, 840px\" \/><\/figure>\n<\/details>\n\n\n\n<p><strong>9 klincov<\/strong> &#8211; neform\u00e1lne nosi\u010dsk\u00e9 preteky na rozpr\u00e1vkovom chodn\u00edku \u0161kriatka Miklu\u0161a<\/p>\n\n\n\n<details class=\"wp-block-details is-layout-flow wp-block-details-is-layout-flow\"><summary>foto<\/summary>\n<figure class=\"wp-block-image size-large\"><img loading=\"lazy\" decoding=\"async\" width=\"1024\" height=\"576\" src=\"https:\/\/neweb.oz-sapio.eu\/sapio\/wp-content\/uploads\/2026\/01\/20210725_105508-1-1024x576.jpg\" alt=\"\" class=\"wp-image-206\" srcset=\"https:\/\/neweb.oz-sapio.eu\/sapio\/wp-content\/uploads\/2026\/01\/20210725_105508-1-1024x576.jpg 1024w, https:\/\/neweb.oz-sapio.eu\/sapio\/wp-content\/uploads\/2026\/01\/20210725_105508-1-300x169.jpg 300w, https:\/\/neweb.oz-sapio.eu\/sapio\/wp-content\/uploads\/2026\/01\/20210725_105508-1-768x432.jpg 768w, https:\/\/neweb.oz-sapio.eu\/sapio\/wp-content\/uploads\/2026\/01\/20210725_105508-1-1536x864.jpg 1536w, https:\/\/neweb.oz-sapio.eu\/sapio\/wp-content\/uploads\/2026\/01\/20210725_105508-1-2048x1152.jpg 2048w, https:\/\/neweb.oz-sapio.eu\/sapio\/wp-content\/uploads\/2026\/01\/20210725_105508-1-1200x675.jpg 1200w\" sizes=\"auto, (max-width: 709px) 85vw, (max-width: 909px) 67vw, (max-width: 1362px) 62vw, 840px\" \/><\/figure>\n<\/details>\n\n\n\n<p><strong>Spr\u00e1va a \u00fadr\u017eba rozpr\u00e1vkov\u00e9ho chodn\u00edka \u0161kriatka Miklu\u0161a<\/strong><\/p>\n\n\n\n<details class=\"wp-block-details is-layout-flow wp-block-details-is-layout-flow\"><summary>foto<\/summary>\n<figure class=\"wp-block-image size-large\"><img loading=\"lazy\" decoding=\"async\" width=\"768\" height=\"1024\" src=\"https:\/\/neweb.oz-sapio.eu\/sapio\/wp-content\/uploads\/2026\/01\/20220417_163829-768x1024.jpg\" alt=\"\" class=\"wp-image-207\" srcset=\"https:\/\/neweb.oz-sapio.eu\/sapio\/wp-content\/uploads\/2026\/01\/20220417_163829-768x1024.jpg 768w, https:\/\/neweb.oz-sapio.eu\/sapio\/wp-content\/uploads\/2026\/01\/20220417_163829-225x300.jpg 225w, https:\/\/neweb.oz-sapio.eu\/sapio\/wp-content\/uploads\/2026\/01\/20220417_163829-1152x1536.jpg 1152w, https:\/\/neweb.oz-sapio.eu\/sapio\/wp-content\/uploads\/2026\/01\/20220417_163829-1536x2048.jpg 1536w, https:\/\/neweb.oz-sapio.eu\/sapio\/wp-content\/uploads\/2026\/01\/20220417_163829-1200x1600.jpg 1200w, https:\/\/neweb.oz-sapio.eu\/sapio\/wp-content\/uploads\/2026\/01\/20220417_163829.jpg 1920w\" sizes=\"auto, (max-width: 768px) 85vw, 768px\" \/><\/figure>\n<\/details>\n\n\n\n<blockquote class=\"wp-block-quote is-layout-flow wp-block-quote-is-layout-flow\">\n<p><\/p>\n<\/blockquote>\n\n\n\n<p><\/p>\n\n\n\n<p><\/p>\n","protected":false},"excerpt":{"rendered":"<p>Sankarenke &#8211; neform\u00e1lne sankarske preteky Adventn\u00fd ve\u010der &#8211; vzdel\u00e1vaco spolo\u010densk\u00e9 stretnutie na t\u00e9mu advent a vianoce Tvoriv\u00e9 dielne &#8211; pod veden\u00edm \u010dlenov z OZ Sapio si deti vyr\u00e1baj\u00fa vlastn\u00e9 v\u00fdrobky, ktor\u00e9 pon\u00fakaj\u00fa na Adventnom ve\u010deri. Z\u00e1\u017eitkov\u00fd t\u00e1bor &#8211; v lone pr\u00edrody na chate Potok, vzdel\u00e1vaco z\u00e1bavn\u00fd charakter Noc z\u00e1had &#8211; detekt\u00edvna rolov\u00e1 hra, s ve\u010derom &hellip; <a href=\"https:\/\/neweb.oz-sapio.eu\/sapio\/index.php\/ukazkova-stranka\/\" class=\"more-link\">Pokra\u010dova\u0165 v \u010d\u00edtan\u00ed<span class=\"screen-reader-text\"> &#8222;Na\u0161e aktivity&#8220;<\/span><\/a><\/p>\n","protected":false},"author":1,"featured_media":0,"parent":0,"menu_order":0,"comment_status":"closed","ping_status":"open","template":"","meta":{"_monsterinsights_skip_tracking":false,"_monsterinsights_sitenote_active":false,"_monsterinsights_sitenote_note":"","_monsterinsights_sitenote_category":0,"footnotes":""},"class_list":["post-2","page","type-page","status-publish","hentry"],"yoast_head":"<!-- This site is optimized with the Yoast SEO plugin v27.4 - https:\/\/yoast.com\/product\/yoast-seo-wordpress\/ -->\n<title>Na\u0161e aktivity - OZ Sapio<\/title>\n<meta name=\"robots\" content=\"index, follow, max-snippet:-1, max-image-preview:large, max-video-preview:-1\" \/>\n<link rel=\"canonical\" href=\"https:\/\/neweb.oz-sapio.eu\/sapio\/index.php\/ukazkova-stranka\/\" \/>\n<meta property=\"og:locale\" content=\"sk_SK\" \/>\n<meta property=\"og:type\" content=\"article\" \/>\n<meta property=\"og:title\" content=\"Na\u0161e aktivity - OZ Sapio\" \/>\n<meta property=\"og:description\" content=\"Sankarenke &#8211; neform\u00e1lne sankarske preteky Adventn\u00fd ve\u010der &#8211; vzdel\u00e1vaco spolo\u010densk\u00e9 stretnutie na t\u00e9mu advent a vianoce Tvoriv\u00e9 dielne &#8211; pod veden\u00edm \u010dlenov z OZ Sapio si deti vyr\u00e1baj\u00fa vlastn\u00e9 v\u00fdrobky, ktor\u00e9 pon\u00fakaj\u00fa na Adventnom ve\u010deri. Z\u00e1\u017eitkov\u00fd t\u00e1bor &#8211; v lone pr\u00edrody na chate Potok, vzdel\u00e1vaco z\u00e1bavn\u00fd charakter Noc z\u00e1had &#8211; detekt\u00edvna rolov\u00e1 hra, s ve\u010derom &hellip; Pokra\u010dova\u0165 v \u010d\u00edtan\u00ed &quot;Na\u0161e aktivity&quot;\" \/>\n<meta property=\"og:url\" content=\"https:\/\/neweb.oz-sapio.eu\/sapio\/index.php\/ukazkova-stranka\/\" \/>\n<meta property=\"og:site_name\" content=\"OZ Sapio\" \/>\n<meta property=\"article:modified_time\" content=\"2026-01-11T18:31:08+00:00\" \/>\n<meta property=\"og:image\" content=\"https:\/\/neweb.oz-sapio.eu\/sapio\/wp-content\/uploads\/2026\/01\/2026-01-11-11.50.52-1.jpg\" \/>\n\t<meta property=\"og:image:width\" content=\"2560\" \/>\n\t<meta property=\"og:image:height\" content=\"1920\" \/>\n\t<meta property=\"og:image:type\" content=\"image\/jpeg\" \/>\n<meta name=\"twitter:card\" content=\"summary_large_image\" \/>\n<meta name=\"twitter:label1\" content=\"Predpokladan\u00fd \u010das \u010d\u00edtania\" \/>\n\t<meta name=\"twitter:data1\" content=\"3 min\u00faty\" \/>\n<script type=\"application\/ld+json\" class=\"yoast-schema-graph\">{\"@context\":\"https:\\\/\\\/schema.org\",\"@graph\":[{\"@type\":\"WebPage\",\"@id\":\"https:\\\/\\\/neweb.oz-sapio.eu\\\/sapio\\\/index.php\\\/ukazkova-stranka\\\/\",\"url\":\"https:\\\/\\\/neweb.oz-sapio.eu\\\/sapio\\\/index.php\\\/ukazkova-stranka\\\/\",\"name\":\"Na\u0161e aktivity - OZ Sapio\",\"isPartOf\":{\"@id\":\"https:\\\/\\\/neweb.oz-sapio.eu\\\/sapio\\\/#website\"},\"primaryImageOfPage\":{\"@id\":\"https:\\\/\\\/neweb.oz-sapio.eu\\\/sapio\\\/index.php\\\/ukazkova-stranka\\\/#primaryimage\"},\"image\":{\"@id\":\"https:\\\/\\\/neweb.oz-sapio.eu\\\/sapio\\\/index.php\\\/ukazkova-stranka\\\/#primaryimage\"},\"thumbnailUrl\":\"https:\\\/\\\/neweb.oz-sapio.eu\\\/sapio\\\/wp-content\\\/uploads\\\/2026\\\/01\\\/2026-01-11-11.50.52-1-1024x768.jpg\",\"datePublished\":\"2022-11-06T18:50:38+00:00\",\"dateModified\":\"2026-01-11T18:31:08+00:00\",\"breadcrumb\":{\"@id\":\"https:\\\/\\\/neweb.oz-sapio.eu\\\/sapio\\\/index.php\\\/ukazkova-stranka\\\/#breadcrumb\"},\"inLanguage\":\"sk-SK\",\"potentialAction\":[{\"@type\":\"ReadAction\",\"target\":[\"https:\\\/\\\/neweb.oz-sapio.eu\\\/sapio\\\/index.php\\\/ukazkova-stranka\\\/\"]}]},{\"@type\":\"ImageObject\",\"inLanguage\":\"sk-SK\",\"@id\":\"https:\\\/\\\/neweb.oz-sapio.eu\\\/sapio\\\/index.php\\\/ukazkova-stranka\\\/#primaryimage\",\"url\":\"https:\\\/\\\/neweb.oz-sapio.eu\\\/sapio\\\/wp-content\\\/uploads\\\/2026\\\/01\\\/2026-01-11-11.50.52-1.jpg\",\"contentUrl\":\"https:\\\/\\\/neweb.oz-sapio.eu\\\/sapio\\\/wp-content\\\/uploads\\\/2026\\\/01\\\/2026-01-11-11.50.52-1.jpg\",\"width\":2560,\"height\":1920},{\"@type\":\"BreadcrumbList\",\"@id\":\"https:\\\/\\\/neweb.oz-sapio.eu\\\/sapio\\\/index.php\\\/ukazkova-stranka\\\/#breadcrumb\",\"itemListElement\":[{\"@type\":\"ListItem\",\"position\":1,\"name\":\"Domov\",\"item\":\"https:\\\/\\\/neweb.oz-sapio.eu\\\/sapio\\\/\"},{\"@type\":\"ListItem\",\"position\":2,\"name\":\"Na\u0161e aktivity\"}]},{\"@type\":\"WebSite\",\"@id\":\"https:\\\/\\\/neweb.oz-sapio.eu\\\/sapio\\\/#website\",\"url\":\"https:\\\/\\\/neweb.oz-sapio.eu\\\/sapio\\\/\",\"name\":\"OZ Sapio\",\"description\":\"U\u010dte sa, rozv\u00edjajte, obohacujte z\u00e1\u017eitkom ...\",\"publisher\":{\"@id\":\"https:\\\/\\\/neweb.oz-sapio.eu\\\/sapio\\\/#organization\"},\"potentialAction\":[{\"@type\":\"SearchAction\",\"target\":{\"@type\":\"EntryPoint\",\"urlTemplate\":\"https:\\\/\\\/neweb.oz-sapio.eu\\\/sapio\\\/?s={search_term_string}\"},\"query-input\":{\"@type\":\"PropertyValueSpecification\",\"valueRequired\":true,\"valueName\":\"search_term_string\"}}],\"inLanguage\":\"sk-SK\"},{\"@type\":\"Organization\",\"@id\":\"https:\\\/\\\/neweb.oz-sapio.eu\\\/sapio\\\/#organization\",\"name\":\"OZ Sapio\",\"url\":\"https:\\\/\\\/neweb.oz-sapio.eu\\\/sapio\\\/\",\"logo\":{\"@type\":\"ImageObject\",\"inLanguage\":\"sk-SK\",\"@id\":\"https:\\\/\\\/neweb.oz-sapio.eu\\\/sapio\\\/#\\\/schema\\\/logo\\\/image\\\/\",\"url\":\"https:\\\/\\\/neweb.oz-sapio.eu\\\/sapio\\\/wp-content\\\/uploads\\\/2022\\\/11\\\/logo-sapio.png\",\"contentUrl\":\"https:\\\/\\\/neweb.oz-sapio.eu\\\/sapio\\\/wp-content\\\/uploads\\\/2022\\\/11\\\/logo-sapio.png\",\"width\":182,\"height\":77,\"caption\":\"OZ Sapio\"},\"image\":{\"@id\":\"https:\\\/\\\/neweb.oz-sapio.eu\\\/sapio\\\/#\\\/schema\\\/logo\\\/image\\\/\"}}]}<\/script>\n<!-- \/ Yoast SEO plugin. -->","yoast_head_json":{"title":"Na\u0161e aktivity - OZ Sapio","robots":{"index":"index","follow":"follow","max-snippet":"max-snippet:-1","max-image-preview":"max-image-preview:large","max-video-preview":"max-video-preview:-1"},"canonical":"https:\/\/neweb.oz-sapio.eu\/sapio\/index.php\/ukazkova-stranka\/","og_locale":"sk_SK","og_type":"article","og_title":"Na\u0161e aktivity - OZ Sapio","og_description":"Sankarenke &#8211; neform\u00e1lne sankarske preteky Adventn\u00fd ve\u010der &#8211; vzdel\u00e1vaco spolo\u010densk\u00e9 stretnutie na t\u00e9mu advent a vianoce Tvoriv\u00e9 dielne &#8211; pod veden\u00edm \u010dlenov z OZ Sapio si deti vyr\u00e1baj\u00fa vlastn\u00e9 v\u00fdrobky, ktor\u00e9 pon\u00fakaj\u00fa na Adventnom ve\u010deri. Z\u00e1\u017eitkov\u00fd t\u00e1bor &#8211; v lone pr\u00edrody na chate Potok, vzdel\u00e1vaco z\u00e1bavn\u00fd charakter Noc z\u00e1had &#8211; detekt\u00edvna rolov\u00e1 hra, s ve\u010derom &hellip; Pokra\u010dova\u0165 v \u010d\u00edtan\u00ed \"Na\u0161e aktivity\"","og_url":"https:\/\/neweb.oz-sapio.eu\/sapio\/index.php\/ukazkova-stranka\/","og_site_name":"OZ Sapio","article_modified_time":"2026-01-11T18:31:08+00:00","og_image":[{"width":2560,"height":1920,"url":"https:\/\/neweb.oz-sapio.eu\/sapio\/wp-content\/uploads\/2026\/01\/2026-01-11-11.50.52-1.jpg","type":"image\/jpeg"}],"twitter_card":"summary_large_image","twitter_misc":{"Predpokladan\u00fd \u010das \u010d\u00edtania":"3 min\u00faty"},"schema":{"@context":"https:\/\/schema.org","@graph":[{"@type":"WebPage","@id":"https:\/\/neweb.oz-sapio.eu\/sapio\/index.php\/ukazkova-stranka\/","url":"https:\/\/neweb.oz-sapio.eu\/sapio\/index.php\/ukazkova-stranka\/","name":"Na\u0161e aktivity - OZ Sapio","isPartOf":{"@id":"https:\/\/neweb.oz-sapio.eu\/sapio\/#website"},"primaryImageOfPage":{"@id":"https:\/\/neweb.oz-sapio.eu\/sapio\/index.php\/ukazkova-stranka\/#primaryimage"},"image":{"@id":"https:\/\/neweb.oz-sapio.eu\/sapio\/index.php\/ukazkova-stranka\/#primaryimage"},"thumbnailUrl":"https:\/\/neweb.oz-sapio.eu\/sapio\/wp-content\/uploads\/2026\/01\/2026-01-11-11.50.52-1-1024x768.jpg","datePublished":"2022-11-06T18:50:38+00:00","dateModified":"2026-01-11T18:31:08+00:00","breadcrumb":{"@id":"https:\/\/neweb.oz-sapio.eu\/sapio\/index.php\/ukazkova-stranka\/#breadcrumb"},"inLanguage":"sk-SK","potentialAction":[{"@type":"ReadAction","target":["https:\/\/neweb.oz-sapio.eu\/sapio\/index.php\/ukazkova-stranka\/"]}]},{"@type":"ImageObject","inLanguage":"sk-SK","@id":"https:\/\/neweb.oz-sapio.eu\/sapio\/index.php\/ukazkova-stranka\/#primaryimage","url":"https:\/\/neweb.oz-sapio.eu\/sapio\/wp-content\/uploads\/2026\/01\/2026-01-11-11.50.52-1.jpg","contentUrl":"https:\/\/neweb.oz-sapio.eu\/sapio\/wp-content\/uploads\/2026\/01\/2026-01-11-11.50.52-1.jpg","width":2560,"height":1920},{"@type":"BreadcrumbList","@id":"https:\/\/neweb.oz-sapio.eu\/sapio\/index.php\/ukazkova-stranka\/#breadcrumb","itemListElement":[{"@type":"ListItem","position":1,"name":"Domov","item":"https:\/\/neweb.oz-sapio.eu\/sapio\/"},{"@type":"ListItem","position":2,"name":"Na\u0161e aktivity"}]},{"@type":"WebSite","@id":"https:\/\/neweb.oz-sapio.eu\/sapio\/#website","url":"https:\/\/neweb.oz-sapio.eu\/sapio\/","name":"OZ Sapio","description":"U\u010dte sa, rozv\u00edjajte, obohacujte z\u00e1\u017eitkom ...","publisher":{"@id":"https:\/\/neweb.oz-sapio.eu\/sapio\/#organization"},"potentialAction":[{"@type":"SearchAction","target":{"@type":"EntryPoint","urlTemplate":"https:\/\/neweb.oz-sapio.eu\/sapio\/?s={search_term_string}"},"query-input":{"@type":"PropertyValueSpecification","valueRequired":true,"valueName":"search_term_string"}}],"inLanguage":"sk-SK"},{"@type":"Organization","@id":"https:\/\/neweb.oz-sapio.eu\/sapio\/#organization","name":"OZ Sapio","url":"https:\/\/neweb.oz-sapio.eu\/sapio\/","logo":{"@type":"ImageObject","inLanguage":"sk-SK","@id":"https:\/\/neweb.oz-sapio.eu\/sapio\/#\/schema\/logo\/image\/","url":"https:\/\/neweb.oz-sapio.eu\/sapio\/wp-content\/uploads\/2022\/11\/logo-sapio.png","contentUrl":"https:\/\/neweb.oz-sapio.eu\/sapio\/wp-content\/uploads\/2022\/11\/logo-sapio.png","width":182,"height":77,"caption":"OZ Sapio"},"image":{"@id":"https:\/\/neweb.oz-sapio.eu\/sapio\/#\/schema\/logo\/image\/"}}]}},"_links":{"self":[{"href":"https:\/\/neweb.oz-sapio.eu\/sapio\/index.php\/wp-json\/wp\/v2\/pages\/2","targetHints":{"allow":["GET"]}}],"collection":[{"href":"https:\/\/neweb.oz-sapio.eu\/sapio\/index.php\/wp-json\/wp\/v2\/pages"}],"about":[{"href":"https:\/\/neweb.oz-sapio.eu\/sapio\/index.php\/wp-json\/wp\/v2\/types\/page"}],"author":[{"embeddable":true,"href":"https:\/\/neweb.oz-sapio.eu\/sapio\/index.php\/wp-json\/wp\/v2\/users\/1"}],"replies":[{"embeddable":true,"href":"https:\/\/neweb.oz-sapio.eu\/sapio\/index.php\/wp-json\/wp\/v2\/comments?post=2"}],"version-history":[{"count":5,"href":"https:\/\/neweb.oz-sapio.eu\/sapio\/index.php\/wp-json\/wp\/v2\/pages\/2\/revisions"}],"predecessor-version":[{"id":209,"href":"https:\/\/neweb.oz-sapio.eu\/sapio\/index.php\/wp-json\/wp\/v2\/pages\/2\/revisions\/209"}],"wp:attachment":[{"href":"https:\/\/neweb.oz-sapio.eu\/sapio\/index.php\/wp-json\/wp\/v2\/media?parent=2"}],"curies":[{"name":"wp","href":"https:\/\/api.w.org\/{rel}","templated":true}]}}